What is the remainder when 49 + (-5)/(20/16) is divided by z?
20
Suppose 4*x = -5*j + 298, 24 = x + 3*j - 54. Calculate the remainder when 4/3*159 - 2 is divided by x.
66
Let j = 4552 + -4356. What is the remainder when j is divided by 104?
92
Suppose 8 = -4*u, 33 = h + u - 3*u. Suppose 4*g + 3*c + c = 380, -2*g = -4*c - 160. Suppose -304*q + g = -298*q. Calculate the remainder when h is divided by q.
14
Let r(d) = 7*d**2 + 3*d - 38. Let l(k) = 3*k**2 + 2*k - 1. Let x be l(-2). Let b be r(x). Calculate the remainder when 2/8*b - (-3)/(-6) is divided by 21.
18
Let c = 110 + -106. Suppose 3*j = -k + 150, -2*k + 7*k - 200 = -c*j. What is the remainder when j is divided by 28?
22
Suppose -10 = -5*c + 425. Calculate the remainder when c is divided by (18/(-210))/(30/25) + 631/14.
42
Let d = 64 + -66. What is the remainder when 137 is divided by ((-18)/135*138)/(d/5)?
45
Suppose -2*d = g - 2, -4*g + 0*g = -2*d + 12. Let h(o) = 13*o**2 - 8*o - 25. What is the remainder when h(g) is divided by 19?
5
Suppose -10*j + 392 = 42. Suppose -31*b + j*b = 20. What is the remainder when 40 is divided by 15 + (1 - 0) - (-3 + b)?
12
Let d = 5692 + -5637. Calculate the remainder when 1643 is divided by d.
48
Let b = 8740 + -8470. Calculate the remainder when b is divided by 6.
0
Let s(g) = -5*g + 24. Let l = -71 + 74. Calculate the remainder when 33 is divided by s(l).
6
Let j(r) = r**2 - 8*r + 32. Let i be j(7). Let z = i + 69. Suppose -z = -11*l + 5. What is the remainder when 35 is divided by l?
8
Suppose -2*c + 4146 = 4*v, 4*v + 18*c - 4145 = 15*c. Calculate the remainder when 1044 is divided by v.
7
Let t(v) = -18*v**3 + v**2 + v - 1. Let p be t(-1). Suppose -p*n = -20*n - 3. What is the remainder when (-3)/2 + n + 522/12 is divided by 11?
8
Let m = -903 + 943. Let r = -270 + 383. What is the remainder when r is divided by ((-232)/m)/((-7)/35)?
26
Let w = 35 + -15. Suppose -49*q + 4830 = 20*q. What is the remainder when q is divided by w?
10
Suppose 5*m - 4*p - 29 = 0, -3 = -3*m + 5*p + 4. Suppose m*y - 64 - 26 = 0. Let d(q) = -q**3 - 7*q**2 - 7*q. Calculate the remainder when y is divided by d(-6).
4
Let a(f) = -f**2 - 229*f + 18069. Calculate the remainder when (-438)/2*2/(-6) is divided by a(-291).
19
Suppose -1148 = -4*s - 1132, -4*u + 216 = 2*s. Calculate the remainder when u is divided by 6.
4
Suppose -3*i = -p + 63, 0 = p + 2*i - 6*i - 59. Calculate the remainder when 390 is divided by p.
15
Let s = 10345 + -10086. Calculate the remainder when 311 is divided by s.
52
Calculate the remainder when (-8 + 2)*-40*4/10 is divided by (2 - 0)/(3/21).
12
Let y = 119 - 37. Suppose -2*l + 12 = -y. Suppose 0*b - 3*b = -2*p + 54, -5*b + 38 = 2*p. Calculate the remainder when l is divided by p.
23
Let j be 21/(-35)*5*-21. Suppose -9*o = -1458 - j. Calculate the remainder when o is divided by 41.
5
Let m(c) be the third derivative of -c**4/8 + c**3/6 - c**2. Let z = -6671 + 6723. Calculate the remainder when z is divided by m(-6).
14
Suppose -30342 - 27654 = -108*h. What is the remainder when h is divided by 16?
9
Let p = 3767 + -2979. What is the remainder when p is divided by 66?
62
Let m = 636064 - 636029. Suppose -l = -79 + 12. Calculate the remainder when l is divided by m.
32
What is the remainder when 443 is divided by 7 - (-1656)/99 - 7 - (-9)/33?
1
Suppose 0 = 7*z - 26*z + 38. Let j(t) = -30*t + 1. Calculate the remainder when j(-3) is divided by z*(5 + (-21)/(-12)*6).
29
Let v(a) = -10 + 64*a - 5 + 109*a - 15*a. Let f be v(5). What is the remainder when 1/(-6) - f/(-6) is divided by 13?
12
Let k(c) = -c**3 - 3*c**2 + 7. Let y be k(-3). Let f be 4 + (-636)/(-3 + -1). Suppose -f = -y*s + 222. Calculate the remainder when s is divided by 14.
13
Let f(y) = y + 5. Let n be f(14). Let r be 2 + -2 - -4 - n. What is the remainder when 366 is divided by -1 + (-21)/r + 684/15?
44
Suppose -5*a = -3*z - 3*a + 661, 5*z - 1101 = 3*a. Let r = -195 + z. Calculate the remainder when 406 is divided by r.
22
Let u = -6 - -19. What is the remainder when (3/9)/(3/2) - (-19798)/171 is divided by u?
12
Let t(p) = -326*p - 2390. What is the remainder when t(-20) is divided by 17?
16
Suppose -m + 2 = 5*r - 6*r, 2*r = 4*m + 4. Let i = 55 + r. Calculate the remainder when 91 is divided by i.
42
Let u = 218 - 158. Calculate the remainder when u is divided by -4*17*6/(-24).
9
Let q = -3746 + 3900. Calculate the remainder when 2171 is divided by q.
15
Let p(t) = 207*t**3 - t**2 - 71*t + 73. Calculate the remainder when p(1) is divided by (4/1)/(6/21).
12
Let g(w) = 2*w**3 + 13*w**2 - 6*w + 7. Let u be g(-7). Calculate the remainder when ((-2)/3 - 0)*-27 is divided by (6*-1)/(-3 - (u + -2)).
0
Suppose 5*b + t + 74 + 60 = 0, 5*t = 4*b + 84. Let f = 2 - b. Let w = 48 - f. Calculate the remainder when 54 is divided by w.
14
Let u = -26 - -24. Let d be 18/3*(-30)/u. Suppose 3*q - d = -6*q. What is the remainder when 39 is divided by q?
9
Suppose 14 = 6*y - 70. Suppose -2*f - g = -91, -y = -3*g - 17. What is the remainder when f is divided by 8?
6
Let x(m) = 5*m + 2. Calculate the remainder when ((13 - -5) + 5)*6/3 is divided by x(2).
10
Let g = -26 + 51. Let q be 6*(4/18)/(60/495). Suppose 0 = -q*n + 748 + 55. Calculate the remainder when n is divided by g.
23
Suppose -10*i + 74 + 96 = 0. What is the remainder when 1439 is divided by i?
11
Let h(m) = m**2 + 75*m - 1465. Calculate the remainder when h(38) is divided by 19.
17
Let y(q) = -q**3 - q**2 + 2. Let f be y(0). Suppose -103 = f*v + 27. Let o = 102 + v. Calculate the remainder when o is divided by 8.
5
Let p = 119 - 124. What is the remainder when 158 is divided by (-10)/(p + 18/4)?
18
Let y be (-1 + 5)*11/(440/19010). Let n = y - 1679. Suppose -2*k + 21 + 9 = 0. Calculate the remainder when n is divided by k.
12
Let q = 416 + -401. Let v(s) = -s + 34. What is the remainder when v(12) is divided by q?
7
Suppose 0 = -n + 2*q + 15, -n = -11*q + 7*q - 25. What is the remainder when 74 is divided by n?
4
Suppose -5*k = p - 47, 4*p + 3*k - 69 = 34. Let o = 178 - 218. What is the remainder when (-2)/(-6) + o/(-15) + 53 is divided by p?
12
Suppose 3*b - 4*s - 8 = -2, -6 = 2*s. Let f = -5370 + 5379. Calculate the remainder when f is divided by 0 + 5/(b - -3).
4
Suppose 39 - 19 = -4*l. Calculate the remainder when ((-166)/(-10))/(5*l/(-125)) is divided by 18.
11
Let z(k) = 2*k**3 + 35*k**2 - 193*k + 138. Calculate the remainder when 27549 is divided by z(-22).
25
Let s = -142 + 215. Suppose -15*h = -0*h - 80*h + 18590. Calculate the remainder when h is divided by s.
67
Let b be (12/(-8) - -1)*30. Let k = b + -7. Calculate the remainder when (k/4)/(9/(-2) + 4) is divided by 5.
1
Suppose -1351 + 18381 - 1469 = 57*r. Calculate the remainder when r is divided by 41.
27
Let l be ((-201)/(-9))/(-1 + 4/3). Let s = 28 - l. Calculate the remainder when s*(20/130 - 56/26) is divided by 8.
6
Let k(f) = 2*f**3 - 13*f**2 + 11*f + 17. Let o be k(5). Calculate the remainder when (((-248)/o)/2)/(6/9) is divided by 20.
2
Let c be 1 - (-9)/(-10) - 2745/(-50). Suppose -a = -3*a. Suppose 5*w - 2*w = 5*p + c, 2*w - 3*p - 35 = a. What is the remainder when 37 is divided by w?
7
Let i(j) = -1114*j - 374. What is the remainder when i(-1) is divided by 12?
8
Let l(u) = u**3 - 21*u**2 + 21*u - 16. Let x be l(20). Suppose -20 = -4*p + 4*h, -2*h + 7 + 13 = x*p. Calculate the remainder when 10 is divided by p.
0
Suppose 6740 = 45*v - 6237 - 7903. Suppose -3*m - m = -312. Calculate the remainder when v is divided by m.
74
Suppose -3*f - 227 - 259 = -5*f. What is the remainder when f is divided by 37?
21
Let y(m) = -16*m - 79. Let i = 146 + -163. What is the remainder when y(i) is divided by 28?
25
Let z = 494 + -98. Let s = -369 + z. Calculate the remainder when 268 is divided by s.
25
Let m = 4889 + -4220. Calculate the remainder when m is divided by 48.
45
Suppose -2*w - 3*d + 695 = -1420, -5302 = -5*w + 7*d. Calculate the remainder when 3181 is divided by w.
4
Let y = 26 - -6. Let h = -479 + 140. Let g = h - -346. What is the remainder when y is divided by g?
4
Let l = -563 + 590. Let s = -1 + l. Suppose n - 8 = -1. Calculate the remainder when s is divided by n.
5
Suppose 185*q = 145*q + 1040. Let y = -82 - -179. What is the remainder when y is divided by q?
19
Let